{"id":6191,"date":"2021-09-29T08:02:51","date_gmt":"2021-09-29T08:02:51","guid":{"rendered":"http:\/\/3d3.verdimed.es\/?post_type=product&#038;p=6191"},"modified":"2022-07-29T08:00:50","modified_gmt":"2022-07-29T08:00:50","slug":"col-picuda-ecologica","status":"publish","type":"product","link":"https:\/\/verdimed.com\/fr\/producto\/col-picuda-ecologica\/","title":{"rendered":"Col picuda ecol\u00f3gica"},"content":{"rendered":"<p><img decoding=\"async\" loading=\"lazy\" class=\"alignnone wp-image-7294 size-full\" src=\"https:\/\/verdimed.com\/wp-content\/uploads\/2022\/06\/calendario-col-picuda-ecologica-verdimed.png\" alt=\"\" width=\"1240\" height=\"295\" srcset=\"https:\/\/verdimed.com\/wp-content\/uploads\/2022\/06\/calendario-col-picuda-ecologica-verdimed.png 1240w, https:\/\/verdimed.com\/wp-content\/uploads\/2022\/06\/calendario-col-picuda-ecologica-verdimed-600x143.png 600w, https:\/\/verdimed.com\/wp-content\/uploads\/2022\/06\/calendario-col-picuda-ecologica-verdimed-300x71.png 300w, https:\/\/verdimed.com\/wp-content\/uploads\/2022\/06\/calendario-col-picuda-ecologica-verdimed-1024x244.png 1024w, https:\/\/verdimed.com\/wp-content\/uploads\/2022\/06\/calendario-col-picuda-ecologica-verdimed-768x183.png 768w\" sizes=\"(max-width: 1240px) 100vw, 1240px\" \/><\/p>\n","protected":false},"excerpt":{"rendered":"<p>La col picuda es una de las muchas variedades de col que existen. Esta variedad es poco conocida en algunas partes de Europa, pero la col picuda ecol\u00f3gica es muy consumida en Escandinavia y Reino Unido.<\/p>\n<p>La col picuda ecol\u00f3gica destaca por sus altos niveles de vitaminas A, B, C, E y en minerales. Son muy ricas en azufre, potasio y f\u00f3sforo.<\/p>\n","protected":false},"featured_media":6702,"comment_status":"closed","ping_status":"closed","template":"","meta":[],"product_cat":[50],"product_tag":[],"acf":[],"yoast_head":"<!-- This site is optimized with the Yoast SEO plugin v19.14 - https:\/\/yoast.com\/wordpress\/plugins\/seo\/ -->\n<title>Col picuda ecol\u00f3gica | Verdimed<\/title>\n<meta name=\"robots\" content=\"index, follow, max-snippet:-1, max-image-preview:large, max-video-preview:-1\" \/>\n<link rel=\"canonical\" href=\"https:\/\/verdimed.com\/producto\/col-picuda-ecologica\/\" \/>\n<meta property=\"og:locale\" content=\"fr_FR\" \/>\n<meta property=\"og:type\" content=\"article\" \/>\n<meta property=\"og:title\" content=\"Col picuda ecol\u00f3gica | Verdimed\" \/>\n<meta property=\"og:description\" content=\"La col picuda es una de las muchas variedades de col que existen. Esta variedad es poco conocida en algunas partes de Europa, pero la col picuda ecol\u00f3gica es muy consumida en Escandinavia y Reino Unido.  La col picuda ecol\u00f3gica destaca por sus altos niveles de vitaminas A, B, C, E y en minerales. Son muy ricas en azufre, potasio y f\u00f3sforo.\" \/>\n<meta property=\"og:url\" content=\"https:\/\/verdimed.com\/producto\/col-picuda-ecologica\/\" \/>\n<meta property=\"og:site_name\" content=\"Verdimed\" \/>\n<meta property=\"article:modified_time\" content=\"2022-07-29T08:00:50+00:00\" \/>\n<meta property=\"og:image\" content=\"https:\/\/verdimed.com\/wp-content\/uploads\/2022\/05\/product-cabbage-pointed-eco.jpg\" \/>\n\t<meta property=\"og:image:width\" content=\"1200\" \/>\n\t<meta property=\"og:image:height\" content=\"1200\" \/>\n\t<meta property=\"og:image:type\" content=\"image\/jpeg\" \/>\n<meta name=\"twitter:card\" content=\"summary_large_image\" \/>\n<meta name=\"twitter:site\" content=\"@verdimed\" \/>\n<meta name=\"twitter:label1\" content=\"Dur\u00e9e de lecture estim\u00e9e\" \/>\n\t<meta name=\"twitter:data1\" content=\"1 minute\" \/>\n<script type=\"application\/ld+json\" class=\"yoast-schema-graph\">{\"@context\":\"https:\/\/schema.org\",\"@graph\":[{\"@type\":\"WebPage\",\"@id\":\"https:\/\/verdimed.com\/producto\/col-picuda-ecologica\/\",\"url\":\"https:\/\/verdimed.com\/producto\/col-picuda-ecologica\/\",\"name\":\"Col picuda ecol\u00f3gica | Verdimed\",\"isPartOf\":{\"@id\":\"https:\/\/verdimed.com\/#website\"},\"datePublished\":\"2021-09-29T08:02:51+00:00\",\"dateModified\":\"2022-07-29T08:00:50+00:00\",\"breadcrumb\":{\"@id\":\"https:\/\/verdimed.com\/producto\/col-picuda-ecologica\/#breadcrumb\"},\"inLanguage\":\"fr-FR\",\"potentialAction\":[{\"@type\":\"ReadAction\",\"target\":[\"https:\/\/verdimed.com\/producto\/col-picuda-ecologica\/\"]}]},{\"@type\":\"BreadcrumbList\",\"@id\":\"https:\/\/verdimed.com\/producto\/col-picuda-ecologica\/#breadcrumb\",\"itemListElement\":[{\"@type\":\"ListItem\",\"position\":1,\"name\":\"Portada\",\"item\":\"https:\/\/verdimed.com\/\"},{\"@type\":\"ListItem\",\"position\":2,\"name\":\"Boutique\",\"item\":\"https:\/\/verdimed.com\/fr\/boutique\/\"},{\"@type\":\"ListItem\",\"position\":3,\"name\":\"Col picuda ecol\u00f3gica\"}]},{\"@type\":\"WebSite\",\"@id\":\"https:\/\/verdimed.com\/#website\",\"url\":\"https:\/\/verdimed.com\/\",\"name\":\"Verdimed\",\"description\":\"Evoluci\u00f3n natural\",\"publisher\":{\"@id\":\"https:\/\/verdimed.com\/#organization\"},\"potentialAction\":[{\"@type\":\"SearchAction\",\"target\":{\"@type\":\"EntryPoint\",\"urlTemplate\":\"https:\/\/verdimed.com\/?s={search_term_string}\"},\"query-input\":\"required name=search_term_string\"}],\"inLanguage\":\"fr-FR\"},{\"@type\":\"Organization\",\"@id\":\"https:\/\/verdimed.com\/#organization\",\"name\":\"VERDIMED, S.A.U.\",\"url\":\"https:\/\/verdimed.com\/\",\"logo\":{\"@type\":\"ImageObject\",\"inLanguage\":\"fr-FR\",\"@id\":\"https:\/\/verdimed.com\/#\/schema\/logo\/image\/\",\"url\":\"https:\/\/verdimed.com\/wp-content\/uploads\/2021\/09\/logo-verdimed-440.png\",\"contentUrl\":\"https:\/\/verdimed.com\/wp-content\/uploads\/2021\/09\/logo-verdimed-440.png\",\"width\":440,\"height\":120,\"caption\":\"VERDIMED, S.A.U.\"},\"image\":{\"@id\":\"https:\/\/verdimed.com\/#\/schema\/logo\/image\/\"},\"sameAs\":[\"https:\/\/www.instagram.com\/verdimed_oficial\/\",\"https:\/\/es.linkedin.com\/company\/verdimed\",\"https:\/\/twitter.com\/verdimed\"]}]}<\/script>\n<!-- \/ Yoast SEO plugin. -->","yoast_head_json":{"title":"Col picuda ecol\u00f3gica | Verdimed","robots":{"index":"index","follow":"follow","max-snippet":"max-snippet:-1","max-image-preview":"max-image-preview:large","max-video-preview":"max-video-preview:-1"},"canonical":"https:\/\/verdimed.com\/producto\/col-picuda-ecologica\/","og_locale":"fr_FR","og_type":"article","og_title":"Col picuda ecol\u00f3gica | Verdimed","og_description":"La col picuda es una de las muchas variedades de col que existen. Esta variedad es poco conocida en algunas partes de Europa, pero la col picuda ecol\u00f3gica es muy consumida en Escandinavia y Reino Unido.  La col picuda ecol\u00f3gica destaca por sus altos niveles de vitaminas A, B, C, E y en minerales. Son muy ricas en azufre, potasio y f\u00f3sforo.","og_url":"https:\/\/verdimed.com\/producto\/col-picuda-ecologica\/","og_site_name":"Verdimed","article_modified_time":"2022-07-29T08:00:50+00:00","og_image":[{"width":1200,"height":1200,"url":"https:\/\/verdimed.com\/wp-content\/uploads\/2022\/05\/product-cabbage-pointed-eco.jpg","type":"image\/jpeg"}],"twitter_card":"summary_large_image","twitter_site":"@verdimed","twitter_misc":{"Dur\u00e9e de lecture estim\u00e9e":"1 minute"},"schema":{"@context":"https:\/\/schema.org","@graph":[{"@type":"WebPage","@id":"https:\/\/verdimed.com\/producto\/col-picuda-ecologica\/","url":"https:\/\/verdimed.com\/producto\/col-picuda-ecologica\/","name":"Col picuda ecol\u00f3gica | Verdimed","isPartOf":{"@id":"https:\/\/verdimed.com\/#website"},"datePublished":"2021-09-29T08:02:51+00:00","dateModified":"2022-07-29T08:00:50+00:00","breadcrumb":{"@id":"https:\/\/verdimed.com\/producto\/col-picuda-ecologica\/#breadcrumb"},"inLanguage":"fr-FR","potentialAction":[{"@type":"ReadAction","target":["https:\/\/verdimed.com\/producto\/col-picuda-ecologica\/"]}]},{"@type":"BreadcrumbList","@id":"https:\/\/verdimed.com\/producto\/col-picuda-ecologica\/#breadcrumb","itemListElement":[{"@type":"ListItem","position":1,"name":"Portada","item":"https:\/\/verdimed.com\/"},{"@type":"ListItem","position":2,"name":"Boutique","item":"https:\/\/verdimed.com\/fr\/boutique\/"},{"@type":"ListItem","position":3,"name":"Col picuda ecol\u00f3gica"}]},{"@type":"WebSite","@id":"https:\/\/verdimed.com\/#website","url":"https:\/\/verdimed.com\/","name":"Verdimed","description":"Evoluci\u00f3n natural","publisher":{"@id":"https:\/\/verdimed.com\/#organization"},"potentialAction":[{"@type":"SearchAction","target":{"@type":"EntryPoint","urlTemplate":"https:\/\/verdimed.com\/?s={search_term_string}"},"query-input":"required name=search_term_string"}],"inLanguage":"fr-FR"},{"@type":"Organization","@id":"https:\/\/verdimed.com\/#organization","name":"VERDIMED, S.A.U.","url":"https:\/\/verdimed.com\/","logo":{"@type":"ImageObject","inLanguage":"fr-FR","@id":"https:\/\/verdimed.com\/#\/schema\/logo\/image\/","url":"https:\/\/verdimed.com\/wp-content\/uploads\/2021\/09\/logo-verdimed-440.png","contentUrl":"https:\/\/verdimed.com\/wp-content\/uploads\/2021\/09\/logo-verdimed-440.png","width":440,"height":120,"caption":"VERDIMED, S.A.U."},"image":{"@id":"https:\/\/verdimed.com\/#\/schema\/logo\/image\/"},"sameAs":["https:\/\/www.instagram.com\/verdimed_oficial\/","https:\/\/es.linkedin.com\/company\/verdimed","https:\/\/twitter.com\/verdimed"]}]}},"_links":{"self":[{"href":"https:\/\/verdimed.com\/fr\/wp-json\/wp\/v2\/product\/6191"}],"collection":[{"href":"https:\/\/verdimed.com\/fr\/wp-json\/wp\/v2\/product"}],"about":[{"href":"https:\/\/verdimed.com\/fr\/wp-json\/wp\/v2\/types\/product"}],"replies":[{"embeddable":true,"href":"https:\/\/verdimed.com\/fr\/wp-json\/wp\/v2\/comments?post=6191"}],"wp:featuredmedia":[{"embeddable":true,"href":"https:\/\/verdimed.com\/fr\/wp-json\/wp\/v2\/media\/6702"}],"wp:attachment":[{"href":"https:\/\/verdimed.com\/fr\/wp-json\/wp\/v2\/media?parent=6191"}],"wp:term":[{"taxonomy":"product_cat","embeddable":true,"href":"https:\/\/verdimed.com\/fr\/wp-json\/wp\/v2\/product_cat?post=6191"},{"taxonomy":"product_tag","embeddable":true,"href":"https:\/\/verdimed.com\/fr\/wp-json\/wp\/v2\/product_tag?post=6191"}],"curies":[{"name":"wp","href":"https:\/\/api.w.org\/{rel}","templated":true}]}}

Col picuda ecológica

<p>La col picuda es una de las muchas variedades de col que existen. Esta variedad es poco conocida en algunas partes de Europa, pero la col picuda ecológica es muy consumida en Escandinavia y Reino Unido.</p>
<p>La col picuda ecológica destaca por sus altos niveles de vitaminas A, B, C, E y en minerales. Son muy ricas en azufre, potasio y fósforo.</p>

<!-- This site is optimized with the Yoast SEO plugin v19.14 - https://yoast.com/wordpress/plugins/seo/ -->
<title>Col picuda ecológica | Verdimed</title>
<meta name="robots" content="index, follow, max-snippet:-1, max-image-preview:large, max-video-preview:-1" />
<link rel="canonical" href="https://verdimed.com/producto/col-picuda-ecologica/" />
<meta property="og:locale" content="fr_FR" />
<meta property="og:type" content="article" />
<meta property="og:title" content="Col picuda ecológica | Verdimed" />
<meta property="og:description" content="La col picuda es una de las muchas variedades de col que existen. Esta variedad es poco conocida en algunas partes de Europa, pero la col picuda ecológica es muy consumida en Escandinavia y Reino Unido.  La col picuda ecológica destaca por sus altos niveles de vitaminas A, B, C, E y en minerales. Son muy ricas en azufre, potasio y fósforo." />
<meta property="og:url" content="https://verdimed.com/producto/col-picuda-ecologica/" />
<meta property="og:site_name" content="Verdimed" />
<meta property="article:modified_time" content="2022-07-29T08:00:50+00:00" />
<meta property="og:image" content="https://verdimed.com/wp-content/uploads/2022/05/product-cabbage-pointed-eco.jpg" />
	<meta property="og:image:width" content="1200" />
	<meta property="og:image:height" content="1200" />
	<meta property="og:image:type" content="image/jpeg" />
<meta name="twitter:card" content="summary_large_image" />
<meta name="twitter:site" content="@verdimed" />
<meta name="twitter:label1" content="Durée de lecture estimée" />
	<meta name="twitter:data1" content="1 minute" />
<script type="application/ld+json" class="yoast-schema-graph">{"@context":"https://schema.org","@graph":[{"@type":"WebPage","@id":"https://verdimed.com/producto/col-picuda-ecologica/","url":"https://verdimed.com/producto/col-picuda-ecologica/","name":"Col picuda ecológica | Verdimed","isPartOf":{"@id":"https://verdimed.com/#website"},"datePublished":"2021-09-29T08:02:51+00:00","dateModified":"2022-07-29T08:00:50+00:00","breadcrumb":{"@id":"https://verdimed.com/producto/col-picuda-ecologica/#breadcrumb"},"inLanguage":"fr-FR","potentialAction":[{"@type":"ReadAction","target":["https://verdimed.com/producto/col-picuda-ecologica/"]}]},{"@type":"BreadcrumbList","@id":"https://verdimed.com/producto/col-picuda-ecologica/#breadcrumb","itemListElement":[{"@type":"ListItem","position":1,"name":"Portada","item":"https://verdimed.com/"},{"@type":"ListItem","position":2,"name":"Boutique","item":"https://verdimed.com/fr/boutique/"},{"@type":"ListItem","position":3,"name":"Col picuda ecológica"}]},{"@type":"WebSite","@id":"https://verdimed.com/#website","url":"https://verdimed.com/","name":"Verdimed","description":"Evolución natural","publisher":{"@id":"https://verdimed.com/#organization"},"potentialAction":[{"@type":"SearchAction","target":{"@type":"EntryPoint","urlTemplate":"https://verdimed.com/?s={search_term_string}"},"query-input":"required name=search_term_string"}],"inLanguage":"fr-FR"},{"@type":"Organization","@id":"https://verdimed.com/#organization","name":"VERDIMED, S.A.U.","url":"https://verdimed.com/","logo":{"@type":"ImageObject","inLanguage":"fr-FR","@id":"https://verdimed.com/#/schema/logo/image/","url":"https://verdimed.com/wp-content/uploads/2021/09/logo-verdimed-440.png","contentUrl":"https://verdimed.com/wp-content/uploads/2021/09/logo-verdimed-440.png","width":440,"height":120,"caption":"VERDIMED, S.A.U."},"image":{"@id":"https://verdimed.com/#/schema/logo/image/"},"sameAs":["https://www.instagram.com/verdimed_oficial/","https://es.linkedin.com/company/verdimed","https://twitter.com/verdimed"]}]}</script>
<!-- / Yoast SEO plugin. -->

Col picuda ecológica | Verdimed

La col picuda es una de las muchas variedades de col que existen. Esta variedad es poco conocida en algunas partes de Europa, pero la col picuda ecológica es muy consumida en Escandinavia y Reino Unido.  La col picuda ecológica destaca por sus altos niveles de vitaminas A, B, C, E y en minerales. Son muy ricas en azufre, potasio y fósforo.

Evolución natural
